 - 226. Let w be g(-28). What is i(w)?
-5
Let s(w) = w**2 - 35*w - 42. Let q be (8 - (-123)/(-12))/((2/32)/(-1)). Calculate s(q).
-6
Suppose -2*y - 20 = 2*x, 5*x - 7*y + 13*y = -56. Let a(c) be the second derivative of 5*c**3/6 - c**2/2 - 3*c. What is a(x)?
-21
Let q(v) = -v**2 + 23*v - 52. Suppose 132 = 5*w + 4*f, 82*f + 92 = 3*w + 86*f. What is q(w)?
8
Let m(r) = 3*r - 5. Let n(f) = -f**2 - 24*f + 45. Let p be n(-25). Suppose 50 = -14*z - p. What is m(z)?
-20
Let g(k) be the first derivative of -k**4/4 + 3*k**3 - 2*k**2 - 85*k + 9059. Calculate g(6).
-1
Let p be (12 - 1) + (20 - 26). Let r(t) be the first derivative of -t**4/4 + t**3 + 11*t**2/2 - 6*t - 1. Let g be r(p). Let z(w) = -w**2 + w. What is z(g)?
-2
Let u(f) = -f - 10. Suppose -5*j + 1 = 7*m, 2*m - 4 = 7*m + 2*j. Determine u(m).
-8
Let u(q) = -14*q + 6. Suppose 24 = 12*y - 27 + 3. Give u(y).
-50
Let v(a) be the third derivative of -a**6/120 + a**5/6 - 5*a**4/6 + 7*a**3/2 - 2429*a**2. Give v(6).
45
Let d(h) = -2*h + 12. Let o be (0 + 21/(-2))*76/57. Let w(z) = -8*z - 107. Let a be w(o). Determine d(a).
2
Let c(m) = 7*m**2 + m. Let q(o) = -o + 11. Let v be q(12). Let g be c(v). Let w(s) be the second derivative of -s**5/20 + s**4/2 - 2*s**2 - s. What is w(g)?
-4
Let c(u) = 2*u**2 - 15*u - 12. Let t(w) be the third derivative of w**5/20 - 23*w**4/24 - 3*w**3 - 3*w**2 - 1. Let k(q) = -7*c(q) + 5*t(q). Give k(10).
-6
Let b(j) be the first derivative of -4*j**2 + 48*j - 144. Give b(5).
8
Let c(o) be the first derivative of -o**3/3 + 3*o**2/2 + 35*o + 342. Determine c(-5).
-5
Let c be 4/10 + 5 + 22/(-55). Let s(a) = -2*a**2 - 10*a + 2. Let y(x) = 3*x**2 + 11*x - 1. Let u(w) = 4*s(w) + 3*y(w). What is u(c)?
-5
Let h(n) = 2*n + 2. Let f(r) = 9*r + 4. Let k(s) = 27*s - 17. Let g(w) = 4*f(w) - k(w). Suppose -m + 20 = -6*m. Let v be g(m). Determine h(v).
-4
Let z(h) = 14*h**3 - 22 + 12 + 19*h**3 - 35*h**3 - 3*h + 8 - 14*h**2. Determine z(-7).
19
Let n(c) be the second derivative of -1/2*c**3 + 5/2*c**2 + 0 - 2*c + 1/12*c**4. Let i = 12013 - 12009. What is n(i)?
9
Let a(h) = h**2 - 2*h - 6. Let m(z) = 2*z**2 + 12*z - 23. Let c be m(-10). Let n = c - 32. Suppose 2*k = -2*v + 10, -5*v + 2*k + n = 6*k. Give a(v).
9
Let q(y) = -y**3 - 6*y**2 - 10*y. Let l be q(-3). Let p(x) = -6 + 5 - x**3 - 4*x**3 + 17*x**l. Give p(1).
11
Let p be 2/5 + 1*138/30. Suppose -u = p*l - 17, -2*l + 3*u - 6*u + 12 = 0. Let o(j) = -j**3 + 3*j**2 - 2*j. Give o(l).
-6
Let a(x) = 13*x**2 + 125*x - 91. Let v(u) = -5*u**2 - 48*u + 30. Let b(d) = -3*a(d) - 8*v(d). Determine b(-7).
19
Let t(y) be the third derivative of -y**6/120 + y**5/4 - 5*y**4/6 + 11*y**3/6 + 540*y**2. What is t(14)?
-73
Let z(s) = 2*s**3 - 140*s**2 - 6. Let i be z(70). Let w(x) = -17*x - 108. Calculate w(i).
-6
Suppose -8*d - 43 = 21. Let a be 9/15 - ((-19413)/(-15))/(-3). Let y(c) = -219 + a - 219 - c. What is y(d)?
2
Let y(u) = 4*u**3 - 76*u**2 - u + 28. Let n(x) = 2*x**2 - 132*x + 2125. Let c be n(39). Determine y(c).
9
Let z(s) = 15*s**3 + 6*s**2 - 13*s + 17. Let p(f) = 13*f**3 + 6*f**2 - 11*f + 14. Let k(n) = 7*p(n) - 6*z(n). Calculate k(-4).
24
Let a(w) = -2*w - 1. Suppose 3*h + 4*t = 86, 0*t - 154 = -5*h + 4*t. Suppose 19 + h = 7*l. Give a(l).
-15
Let f(n) = 2*n**2 - 2*n + 1. Let v(w) = -5*w + 4. Let h(u) = -u**2 + 9*u - 7. Let o(p) = 3*h(p) + 5*v(p). Let g(x) = 6*f(x) + 5*o(x). Determine g(1).
-4
Let b(h) = h**2 - 20*h. Suppose 0 = 9*w - 32*w + 92. Let r(g) = -g**2 + 16*g. Let m(v) = w*r(v) + 3*b(v). What is m(4)?
0
Let c(t) = 4*t - 6. Let z be -6 + 348/57 - 63/57. Let h be ((-6)/12 + 0)*(-11 - z). Give c(h).
14
Let z = -60 - -87. Let m = -23 + z. Let n(u) be the first derivative of -u**4/4 + u**3 + u**2 - 5. Determine n(m).
-8
Suppose 6*y + 24 = y - 2*p, 2*y - 3*p + 2 = 0. Let t(z) be the third derivative of 195*z**2 + 0 - 1/6*z**3 - 1/24*z**4 + 0*z. What is t(y)?
3
Let q(z) = -114 + 158520*z - 317033*z + 158534*z. Calculate q(5).
-9
Let i(h) = -3 + h + 10 + 3. Let l be 1 + -7*120/84. Determine i(l).
1
Let y(s) = 4*s + 37. Suppose -22 = 5*l - j, -127 = -j - 125. Calculate y(l).
21
Let c = 47 + -32. Let k = c - 8. Let i(y) = y**2 - 2*y + 0*y - 5*y - 4 + 3 + 0*y. Calculate i(k).
-1
Suppose 14 = f - 2*h, -80*f = -81*f - 2*h - 2. Let n(p) = 10*p - 67. What is n(f)?
-7
Let p(l) be the first derivative of -l**5/20 - 47*l**2/2 + l + 56. Let s(m) be the second derivative of p(m). Give s(-1).
-3
Let u be ((-1)/1 - 0)*-8. Let r(c) be the second derivative of -c**5/20 + 2*c**4/3 + 3*c**2 + 6*c - 198. Calculate r(u).
6
Let q(g) = g**3 - 9*g**2 - 10*g - 3. Let a = -1485 + 1495. Calculate q(a).
-3
Let p = 471 - 475. Let k(g) = 2*g + 31. Let m(b) be the first derivative of -b**2/2 - 16*b + 6. Let z(t) = p*k(t) - 7*m(t). Give z(0).
-12
Let t(l) be the third derivative of l**4/12 - l**3/3 - 24845*l**2. Let y = -5 - -3. Calculate t(y).
-6
Let w(h) = -230*h**3 - h**2 - 2*h + 2. Let k be w(1). Let a = k - -235. Let t(i) = -i - 3. Determine t(a).
-7
Let c be 770/(-308)*(-8)/(-5) - (-4 - 2). Let o(x) be the second derivative of -2*x**c + 0*x**3 + 1/12*x**4 - 18*x - 1/20*x**5 + 0. Give o(3).
-22
Let d(w) = 6 - 3 + 5 + 2504*w + 17 - 2505*w. Determine d(18).
7
Let y be ((-1)/(-2))/(1/4). Let c(b) = 3 + 2*b + 0*b**y - b**2 + 0*b - 3*b. Let a(d) = -6*d**2 + 18*d - 3. Let x be a(3). Calculate c(x).
-3
Let l(c) = -51*c - 94. Let r(m) = -56*m - 113. Let w(i) = 6*l(i) - 5*r(i). Suppose 2*g = -0*g + 5*u + 8, 0 = -2*g + u. Determine w(g).
27
Let b(x) = 3*x + 16. Let r(k) be the third derivative of -1/24*k**4 + 31*k**2 + 0*k + 0 - 4/3*k**3. Let n(d) = -2*b(d) - 5*r(d). Calculate n(10).
-2
Let p(u) = -5*u - 70. Let s = 6920 - 6935. Calculate p(s).
5
Let i(d) = -100*d + 72. Let o = 14 - 28. Let w be i(o). Let c(k) = 3 - w*k + 1467*k - 4*k**2 + 3*k**2. Give c(-6).
-3
Suppose 3*r - 5*n = 48, -7*r + 2*r + 54 = -4*n. Let u(q) = q**2 - 2*q - 5. Let x be u(4). Let f(t) = t - 5 - 6*t**2 + 5 + t**x. Calculate f(r).
6
Let z be 9*3/(-54)*-4. Let j(g) = -28*g - 44*g + 5 - g**z + 78*g. Determine j(7).
-2
Let w(a) = a**3 + 11*a**2 + a + 15. Let s be 11/33*17*3 - 5. Let r(c) = -c**3 + 10*c**2 + 25*c - 23. Let k be r(s). What is w(k)?
4
Let w(q) = -5*q**2 + 5*q + 20. Let x(s) = 6*s**2 - 4*s - 22. Let u(p) = -7*w(p) - 6*x(p). Give u(-11).
-8
Let r(s) = -3*s**2 - 3*s - 5. Let f(w) = 6*w**2 - 8 - 2*w**2 - 9*w**2 - 5*w. Let m be (15/20)/(15/160). Let j(g) = m*r(g) - 5*f(g). Determine j(-1).
0
Let u be ((-3)/2)/(3/(-4)) - 1. Let v(q) = -3 + q + u - 1 - 8 + 4. Determine v(2).
-5
Let q(o) = 153*o - 127. Let j(g) = 24*g - 1. Let a(r) = -6*j(r) + q(r). What is a(10)?
-31
Let h(i) = 234*i - 7955. Let w be h(34). Let f(t) = -11*t + 14*t**2 + 0*t + 4*t + 6*t. Calculate f(w).
13
Let b(g) = -15*g**3 - 2*g + 1. Let i = 414 - 415. Let s be ((-105)/175 - (-4)/(-10))*i. Determine b(s).
-16
Let i(s) be the third derivative of -s**4/24 + 7*s**3/3 - s**2. Suppose -4*b - 4*a = b - 88, -2*a = -5*b + 106. Suppose 48*q = 46*q + b. What is i(q)?
4
Let j(v) = -2*v**3 + 29*v**2 + 21*v - 10. Let w(s) = -s**3 + 14*s**2 + 9*s - 6. Let n(m) = -3*j(m) + 5*w(m). Give n(18).
0
Let g(v) = -12*v**2 + 2*v - 6. Let a(l) = -2*l + 6. Let d be a(2). Let t(y) = 3 + 8*y**2 - 12*y**2 - y + 9*y**d. Let z(p) = -3*g(p) - 7*t(p). Give z(-4).
9
Let s(n) be the third derivative of n**6/120 - n**5/20 - n**4/4 + 3*n**3 + 858*n**2 - 1. Give s(4).
10
Suppose -2*s = -3*h + 25, -5*h + 1 = 4*s - 4. Let b(j) = 1 + 0*j + h*j**3 + 5*j - j**2 - 7*j. What is b(2)?
33
Let d(k) = -319*k - 459 + 454 + 317*k. Calculate d(-10).
15
Suppose 46*i = 49*i - 36. Suppose i*z - 7*z = 20. Let k(t) = 2*t + 5. Determine k(z).
13
Let m(r) = -12*r - 5. Let v = 38 + -33. Determine m(v).
-65
Let f(y) = -3*y + 3. Let j(i) = -4*i + 3. Let k = -17 - -11. Let p(q) = k*f(q) + 5*j(q). Let l be 102/(-18) + 0 + 2/3. Give p(l).
7
Let j(z) = z**3 - 4*z**2. Let f = -275 + 282. Suppose -3*t - 12 = -f*t. What is j(t)?
-9
Suppose 24 = -21*w + 17*w. Let g(p) = -p**3 + 13*p**2 + 3. Let k(q) = -3*q**3 + 29*q**2 - 3*q + 5. Let b(u) = -5*g(u) + 2*k(u). Calculate b(w).
-5
Suppose j = -3*j - 5*j. Suppose j = 23*y + 17*y - 5*y. Let c(s) = s**3 + s + 4. Calculate c(y).
4
Let d be (-1 - 7 - -14)/(-2). Let b(c) = -2*c**3 - 3*c**2 + 9*c + 9. What is b(d)?
9
Suppose -1045*y + 1048*y - 21 = 0. Let j(f)